-36 - l. What is the greatest common factor of 75 and r?
15
Suppose 9*y - 6*y = 72. Calculate the highest common divisor of 72 and y.
24
Let r = 733 - 376. What is the highest common divisor of 51 and r?
51
Let z be (-6)/(-1 + 11/10). Let m = -105 - -3. Let j = z - m. What is the greatest common divisor of 28 and j?
14
Suppose -30*n + 31*n = 13. Suppose -4*s = 2*t - 306, 266 = 5*t - 3*t - 4*s. What is the highest common divisor of n and t?
13
Suppose q + 1 = -0*q. Let s be 1/(q/(-3) - 0). Calculate the greatest common divisor of s and 2.
1
Suppose -4*g = g - 3*c - 280, 0 = -5*c. What is the greatest common factor of 8 and g?
8
Let b(x) = -x**3 - 6*x**2 - 3*x - 8. Let n be b(-6). Let m = n + -8. Suppose -3*o = m - 8. Calculate the greatest common factor of 2 and o.
2
Let s(m) = -m**2 - 12*m + 2. Let w be s(-11). Calculate the greatest common factor of 13 and w.
13
Suppose -35 = 2*v - 7*v. Suppose -5*u = -2*u + q - 59, q - 17 = -u. What is the highest common factor of u and v?
7
Let c = -6 + 9. Suppose c*r - 3*h = 21, 3*h - 33 = -0*r - 3*r. What is the greatest common divisor of 63 and r?
9
Let l(n) = n**2 + 88. Let r be l(0). Calculate the highest common factor of 11 and r.
11
Let i(m) be the third derivative of -m**6/120 - m**5/20 + 5*m**4/12 + 4*m**3/3 - 5*m**2. Let h be i(-6). What is the highest common divisor of 8 and h?
8
Suppose 0 = -4*g + 4*w - 52, 5*g + 85 = -2*w - 3*w. Let m = -14 - g. Calculate the highest common factor of 1 and m.
1
Let u(x) be the first derivative of -3*x**2/2 + 2. Let b be u(-2). What is the highest common factor of b and 42?
6
Let j = -174 - -251. What is the highest common divisor of j and 7?
7
Let m be 4/4 - (-1 + -3). Suppose 1 = m*k - 29. Suppose 6*x - 4*x + 10 = 0, 37 = h + x. What is the greatest common divisor of k and h?
6
Suppose 0 = 5*v - 15 + 5. Suppose -3*o + 4 = -5. Suppose o*a + 4*k - 35 = 0, -2*k = -0*k - 10. Calculate the greatest common factor of a and v.
1
Suppose 2*l + 4*x = 20, 10 = -3*l + 2*l + 3*x. Suppose 5*i - l - 18 = 0. What is the highest common factor of i and 4?
4
Let i be 12/8*(-240)/(-4). What is the highest common factor of 18 and i?
18
Let p be (-8)/(-10)*(-130)/(-4). Let r(b) = b + 7. Let l be r(-7). Suppose l*o - h = -4*o + 160, 0 = -h - 4. Calculate the highest common divisor of p and o.
13
Let l = 10 + -8. Suppose l*x = -0*x + 6. Let u = 38 + -14. Calculate the highest common factor of x and u.
3
Let f(n) = n**2 - 14*n + 28. Let k be f(12). What is the highest common factor of 18 and k?
2
Suppose -3*m = 3*y - 63, -y = -3*m + m - 12. What is the highest common factor of y and 144?
18
Suppose 0*h + 5*h + 605 = 4*p, 296 = 2*p + 4*h. Calculate the highest common factor of 6 and p.
6
Suppose -62 = -3*n + 4*z, -2*n - 3*z + 6*z + 43 = 0. Suppose -y + 13 = -3. Suppose -y - 54 = -5*a. What is the highest common divisor of a and n?
14
Let t(c) = c - 1. Let p be t(4). Let v = 112 - 111. Calculate the greatest common divisor of v and p.
1
Let t(u) = -2*u**2 + u + 6. Let b(h) = -3*h**2 + 2*h + 13. Let d(a) = 3*b(a) - 7*t(a). Let m be d(-3). What is the greatest common factor of m and 18?
9
Let f = -422 + 591. Calculate the highest common divisor of f and 13.
13
Suppose 2*g - 1 = -3*t - 5, -3*g + 4 = 2*t. Let o(n) = 10*n**3 - n**2 + n. Let w be o(1). Calculate the greatest common factor of g and w.
2
Let p = 109 + -69. Calculate the greatest common factor of 360 and p.
40
Let i be (2 + -6 - -8) + 71. Calculate the highest common divisor of 45 and i.
15
Let n be (16/36)/2 - 338/(-18). Calculate the greatest common factor of n and 76.
19
Let o be (-35462)/(-170) + 6/(-10). What is the greatest common factor of o and 8?
8
Suppose 5*z - 48 = -3*z. Calculate the greatest common divisor of z and 3.
3
Suppose 5*z - 90 = 2*z. Calculate the highest common factor of 75 and z.
15
Let a = -92 + 97. Suppose -3*o = 3*f - 93, -2 = 4*f + 10. Suppose -o = -p + 1. What is the greatest common divisor of a and p?
5
Let y(u) = u - 4. Let f be y(12). Suppose -30 = 5*h - f*h. Calculate the highest common factor of 30 and h.
10
Let j(l) = l**3 - 8*l**2 + 13*l. Let m be j(9). Let r = 32 + -14. Calculate the greatest common factor of m and r.
18
Let t(y) = y - 8. Let d be t(10). Suppose -3*k + 270 = d*k. What is the greatest common divisor of 135 and k?
27
Let p(m) = -m**2 - 4*m + 5. Let u be p(-4). Suppose 15 = -5*q - u. Let x = 12 - q. What is the greatest common divisor of x and 16?
16
Let w(y) = 3*y**2 - 9*y - 2. Let a be w(4). What is the highest common divisor of a and 70?
10
Suppose -n = -68 + 363. Let u = -50 - n. Let o = -135 + u. Calculate the highest common factor of 10 and o.
10
Suppose -5*p - l + 334 = l, -5*p - 5*l + 325 = 0. Calculate the greatest common divisor of p and 170.
34
Let t(y) = y**3 + 9*y**2 + 9*y - 9. Let a be t(-7). What is the greatest common factor of a and 130?
26
Let p be -9*48/(-54)*3. What is the highest common factor of 6 and p?
6
Suppose 35*c = 36*c - 1. Calculate the greatest common factor of 2 and c.
1
Let r be (-224)/(-36) - (-4)/(-18). Suppose -t + r = t. Let x be (-139)/(-2) - t/(-6). What is the highest common divisor of x and 14?
14
Suppose j - u - 151 = 0, 4*j - 177 = u + 439. Calculate the highest common factor of 62 and j.
31
Let s(w) = -5*w**2 + 39*w - 1. Let a be s(4). What is the highest common factor of a and 60?
15
Suppose 0 = -4*y + y. Let j be (-3)/(3/(-5)) - y. Let h be 60 + ((-30)/18)/((-1)/(-3)). What is the highest common factor of h and j?
5
Let t = -2 + 14. Let i = t - 4. Calculate the greatest common divisor of i and 40.
8
Suppose 16 = r - 4*h, -4*r = r - 3*h - 12. Let q(x) = -x**2 + x + 28. Let y be q(r). What is the greatest common divisor of 28 and y?
28
Suppose 4*v = 6*v - 260. Calculate the greatest common factor of v and 52.
26
Let l = 11 - 3. Let w be 2/(-9) - (-40)/18. What is the greatest common factor of w and l?
2
Let n(o) = -2*o + 1. Let a be n(-5). What is the greatest common factor of 33 and a?
11
Let n(v) = 2*v**2 + 18*v - 1. Let b be n(-10). Let q = 23 - 4. Calculate the greatest common divisor of q and b.
19
Let h = 1 + 9. Let k = -8 - -28. What is the highest common factor of k and h?
10
Let a = -20 + 30. What is the greatest common factor of 160 and a?
10
Suppose -20 = -5*v - 5. What is the highest common factor of 27 and v?
3
Let m be 1/5*-5 - (0 - 33). Calculate the greatest common factor of m and 80.
16
Let v be (20/6)/(2/(-6)). Let s be (-22)/v - 4/20. Suppose 0 = -s*l + 214 - 84. What is the highest common divisor of l and 26?
13
Let j(p) = p**2 + 2*p - 2. Let o be j(3). Suppose -3*q + 3 = -2*q. Suppose q*m - 141 - 171 = 0. Calculate the greatest common divisor of o and m.
13
Suppose -2*m + 2*j + 80 = 0, 3*j + 0*j = 0. Suppose 5*r - r = 16. Calculate the highest common divisor of r and m.
4
Suppose -6*v = -3*v - 105. What is the highest common factor of v and 140?
35
Let s(g) = g**3 + 7*g**2 - 20*g + 5. Let h be s(-9). Calculate the greatest common factor of h and 46.
23
Suppose 4*g - 2*v + 3*v = 9, 0 = g - 4*v + 2. What is the greatest common divisor of g and 2?
2
Suppose -2*s + 2 = 6. Let y be ((-72)/s)/((-2)/(-9)). Calculate the greatest common divisor of y and 18.
18
Suppose -2*y - 8 = 2*y - 4*s, -5*y + 5 = -2*s. Suppose 5*k + 2*p = 115, 63 = y*k - 3*p + 15. What is the highest common divisor of 3 and k?
3
Let h(q) = q**2 + 5*q - 3. Let p be h(-6). Suppose -2*s + 2 = 2*m + m, 0 = 5*m + 5*s. What is the highest common factor of m and p?
1
Let m be 5 + (-6 - (-1 + -2)). Suppose -3*h + 55 = u, m*h + 151 = 3*u + 4*h. Calculate the highest common divisor of 7 and u.
7
Let a = 88 - 25. Calculate the highest common divisor of a and 9.
9
Suppose -q + 73 = -3*v, 136 = 4*q + v - 143. What is the greatest common divisor of 14 and q?
14
Let b = -77 - -246. Let x = 259 - b. Calculate the highest common factor of 10 and x.
10
Let d = -8 + 7. Suppose -4*p + 962 = -i, 4*p + 2*i - 4*i - 964 = 0. Let j be (d/2)/((-2)/p). What is the highest common divisor of j and 12?
12
Suppose 3*j + 29 = 2*h, -4*h - 4*j + 44 + 64 = 0. Calculate the highest common divisor of 44 and h.
22
Let c = 155 + -126. What is the greatest common divisor of 145 and c?
29
Let b be (-6 - -7)*-9 - -21. Let k = 46 + -21. Let a = k - -5. Calculate the highest common divisor